alculate j(-21).
-960
Let p(b) = b**3 + 6*b**2 - 43*b + 967. Determine p(-14).
1
Let v(o) = -2*o**3 - 364*o**2 + 3035*o + 35. Give v(8).
-5
Let g(q) = 28*q + 842. Calculate g(-30).
2
Let c(g) = -g**3 - 2*g**2 + 53*g + 13. Give c(7).
-57
Let o(k) = 8*k**2 - 49*k + 37. What is o(5)?
-8
Let a(w) = -8*w**2 + 73*w - 6. Determine a(-5).
-571
Let p(a) = a**3 + 125*a**2 - 248*a + 619. Calculate p(-127).
-143
Let t(v) = 18*v - 49. Calculate t(23).
365
Let o(q) = -2*q**3 - 123*q**2 - 31*q - 5762. Give o(-62).
4
Let u(m) = -m**2 - 23*m - 382. Give u(-22).
-360
Let j(k) = -3*k**2 + 76*k + 47. Give j(26).
-5
Let c(u) = u**2 - 7*u - 1584. Determine c(-36).
-36
Let k(b) = 25*b + 59. Calculate k(-4).
-41
Let o(n) = 9*n**3 - 7*n**2 - 4*n - 1. Calculate o(-1).
-13
Let v(j) = -543*j - 3797. Calculate v(-7).
4
Let z(o) = o**2 - 10*o - 418. What is z(-16)?
-2
Let t(g) = g**3 + 3*g**2 - 14*g - 73. What is t(-4)?
-33
Let l(u) = -35*u + 11. Determine l(2).
-59
Let v(y) = -4*y**2 + 55*y + 19. What is v(14)?
5
Let w(p) = p**3 - 19*p**2 + 256*p - 4290. Determine w(18).
-6
Let q(w) = -w**3 - 15*w**2 - 56*w - 51. Give q(-10).
9
Let s(f) = -2*f**3 - 46*f**2 + 62*f + 286. Give s(-24).
-50
Let a(y) = 30*y**2 - 101*y - 1. Give a(2).
-83
Let x(w) = -w**2 + 107*w + 684. Calculate x(113).
6
Let j(a) = 28*a - 274. Give j(19).
258
Let j(l) = -23*l + 864. What is j(37)?
13
Let f(y) = y**2 + 6*y - 83. What is f(8)?
29
Let t(f) = f**3 + 23*f**2 + 4*f + 664. Calculate t(-24).
-8
Let k(u) = 5*u**3 - 17*u**2 + 15*u - 27. Determine k(3).
0
Let q(x) = 3667*x - 135676. Calculate q(37).
3
Let h(z) = z**2 + 498*z + 12254. What is h(-26)?
-18
Let i(w) = 3*w**3 - 4*w**2 + 19*w - 34. Calculate i(3).
68
Let h(a) = 2*a + 457. What is h(20)?
497
Let r(p) = p**3 + 24*p**2 + 100*p + 89. Calculate r(-19).
-6
Let m(j) = -j**3 - 13*j**2 + 56*j + 120. Determine m(6).
-228
Let m(k) = 7*k**2 - 91*k + 232. Determine m(9).
-20
Let k(w) = -15*w + 26. Determine k(3).
-19
Let u(h) = -49*h + 44. Give u(-1).
93
Let l(p) = 64*p**2 + 17*p + 15. Calculate l(-1).
62
Let r(b) = 15*b**2 - 6*b - 26. Determine r(6).
478
Let v(r) = -43*r + 255. Determine v(7).
-46
Let t(w) = -32*w**2 + 1498*w + 213. What is t(47)?
-69
Let h(k) = -3*k**3 - 8*k**2 + 10*k + 24. Calculate h(-3).
3
Let d(p) = -215*p - 14. Give d(1).
-229
Let j(b) = -4*b**3 - b**2 + 322*b + 641. Determine j(-2).
25
Let c(m) = -m**2 + 22*m + 73. Determine c(-4).
-31
Let w(t) = 4*t**2 + 18*t + 16. Give w(-4).
8
Let w(x) = 8*x**2 + 2*x - 79. What is w(-7)?
299
Let w(c) = -c**2 - 41*c - 119. Determine w(-42).
-161
Let k(f) = -f**3 + 29*f**2 - 47*f + 1361. Give k(29).
-2
Let z(t) = -t**3 + 14*t**2 + 480*t - 3. Calculate z(-16).
-3
Let p(a) = a**2 - 92*a + 517. Determine p(6).
1
Let f(d) = d**3 - 39*d**2 - 18*d + 328. Give f(39).
-374
Let p(k) = -2*k**2 - 427*k + 1740. Determine p(4).
0
Let s(p) = p**2 + 110*p + 1467. Give s(-93).
-114
Let s(o) = -37*o + 1121. Calculate s(29).
48
Let a(k) = k**3 + 20*k**2 + 36*k - 3. What is a(-18)?
-3
Let a(g) = -g**3 + 44*g**2 + 80*g + 553. Determine a(46).
1
Let c(m) = -4*m**3 - 64*m**2 + 200*m + 1. Calculate c(3).
-83
Let v(p) = 4*p**2 - 145*p - 2437. What is v(-13)?
124
Let y(v) = 186*v**2 - 1107*v - 54. Determine y(6).
0
Let c(a) = 66*a + 2. Determine c(0).
2
Let g(y) = -y**3 - 51*y**2 - 574*y + 67. Calculate g(-17).
-1
Let w(u) = -u**3 - 4*u**2 + 20*u + 75. Calculate w(-4).
-5
Let r(k) = -112*k + 861. Determine r(9).
-147
Let w(q) = -10*q + 4. Calculate w(1).
-6
Let p(c) = -2*c**3 - 56*c**2 - 145*c + 146. Give p(-25).
21
Let k(m) = -2*m**3 + 97*m**2 + 475*m + 150. Calculate k(53).
44
Let f(o) = 12*o**2 + 78*o + 1. What is f(-2)?
-107
Let i(p) = 5496*p + 16476. Calculate i(-3).
-12
Let h(u) = u**3 - 2*u**2 - 292*u + 86. Determine h(18).
14
Let t(d) = 6*d**2 - 88. Give t(8).
296
Let u(r) = 2400*r - 35997. Give u(15).
3
Let y(a) = a**3 + 3*a**2 + 19*a - 278. Calculate y(5).
17
Let n(l) = 2*l - 67. What is n(7)?
-53
Let x(o) = -628*o - 2521. Determine x(-4).
-9
Let o(x) = 14*x + 559. Calculate o(-52).
-169
Let o(b) = -2*b**2 + 14*b. What is o(7)?
0
Let t(z) = z**3 - 94*z**2 - 99*z + 376. What is t(95)?
-4
Let d(x) = x - 32. Calculate d(-33).
-65
Let n(j) = j**2 + 42*j - 1582. Calculate n(24).
2
Let t(b) = 3*b**3 - 35*b**2 - 417*b + 17. Calculate t(19).
36
Let n(g) = -35*g - 65. Calculate n(19).
-730
Let v(n) = -30*n - 7948. What is v(-265)?
2
Let k(c) = 49*c - 6556. What is k(134)?
10
Let t(n) = -97*n - 163. What is t(-5)?
322
Let i(r) = -7*r**3 - 8*r**2 + 10*r + 4. Calculate i(3).
-227
Let f(v) = 149*v + 94. Calculate f(2).
392
Let x(p) = -p**3 - 48*p**2 - 53*p + 2. Calculate x(-47).
284
Let t(u) = -42*u + 1208. Give t(29).
-10
Let s(n) = 1267*n + 87429. Determine s(-69).
6
Let f(h) = 2*h**2 + 271*h + 407. Calculate f(-134).
5
Let z(k) = 5*k**2 + 1149*k - 1152. Determine z(1).
2
Let h(l) = -l**2 + 177*l + 3677. Give h(-18).
167
Let m(d) = -354*d - 1726. Calculate m(-8).
1106
Let g(i) = 2*i**3 - 7*i**2 + 29*i - 120. Determine g(4).
12
Let b(d) = -21*d + 175. Calculate b(11).
-56
Let a(f) = f**3 - 36*f**2 - 82*f + 211. Determine a(38).
-17
Let x(a) = -8*a - 78. Calculate x(-9).
-6
Let u(i) = 8*i + 233. What is u(10)?
313
Let u(o) = 23*o**2 - 40*o + 41. Give u(1).
24
Let t(v) = -192*v - 771. Calculate t(-4).
-3
Let u(o) = 94*o - 7043. Calculate u(75).
7
Let h(g) = g**3 + 32*g**2 + 205*g - 19. Give h(-9).
-1
Let i(s) = 5*s + 630. Give i(-98).
140
Let g(a) = 2228*a + 33. Give g(0).
33
Let a(n) = -n**2 - 6*n + 1500. Give a(-43).
-91
Let p(c) = 619*c - 1249. Calculate p(2).
-11
Let w(z) = -z**3 - 2*z**2 + 20*z + 21. What is w(-5)?
-4
Let o(k) = -k**3 + 48*k**2 + 52*k - 152. Give o(49).
-5
Let b(w) = 171*w - 207. What is b(2)?
135
Let s(o) = o**2 - 2*o - 256. Determine s(17).
-1
Let u(d) = -65*d + 295. Give u(5).
-30
Let b(o) = -423*o - 1599. Determine b(-4).
93
Let a(n) = -17*n**2 + 544*n - 27. Determine a(32).
-27
Let t(k) = -k**3 + 4*k**2 + 72*k + 79. What is t(0)?
79
Let y(z) = 33*z**2 + 1578*z - 285. Give y(-48).
3
Let q(k) = 91*k + 638. Give q(0).
638
Let v(j) = -33*j + 1196. What is v(39)?
-91
Let r(q) = q**3 + 35*q**2 + 105*q - 1337. Calculate r(-30).
13
Let f(i) = i**2 - 106*i - 563. Calculate f(-5).
-8
Let k(w) = -w**3 + w**2 + 97*w - 264. Give k(3).
9
Let m(g) = 22*g + 1571. Give m(-69).
53
Let m(a) = -3*a**3 + 10*a**2 + 21*a - 151. Give m(7).
-543
Let p(i) = -i**3 - 178*i**2 + 750*i + 3986. Give p(-182).
-18
Let l(k) = -k + 8. Give l(7).
1
Let v(j) = -13*j + 130. Give v(32).
-286
Let m(g) = 609*g**2 + 1823*g - 5. What is m(-3)?
7
Let v(j) = -60*j - 108. Determine v(-2).
12
Let k(u) = -2*u**3 + 67*u**2 - 38*u + 134. Calculate k(33).
-31
Let o(h) = -h**2 - 24*h - 151. Determine o(-16).
-23
Let p(m) = m**3 - 7*m**2 - 4*m + 68. What is p(5)?
-2
Let o(z) = 7*z - 329. Determine o(49).
14
Let p(c) = 22*c**2 - 1776*c - 455. Calculate p(81).
31
Let i(b) = -112*b + 260. Give i(4).
-188
Let g(s) = -s**3 - 6*s**2 + 71*s + 304. Determine g(-5).
-76
Let i(u) = -u**3 + 107*u - 398. What is i(4)?
-34
Let g(r) = -4*r**3 + 53*r**2 + 37*r + 70. Determine g(14).
0
Let m(x) = -x**3 - 44*x**2 + 159*x + 860. Give m(-47).
14
Let d(f) = f**2 - 178*f - 5307. Give d(-26).
-3
Let y(z) = -3114*z - 3134. What is y(-1)?
-20
Let r(n) = -n**2 + 4394*n - 43845. Give r(10).
-5
Let b(a) = -10*a**2 + 33*a. Calculate b(-2).
-106
Let z(a) = -a**3 + 161*a**2 - 302*a - 2747. Give z(159).
-203
Let k(r) = 125*r - 14053. What is k(113)?
72
Let a(d) = d**2 + 27*d + 213. Calculate a(-16).
37
Let c(o) = 46*o**3 - 2*o**2 - 2*o + 4. What is c(1)?
46
Let l(r) = -r**3 - 11*r**2 - 18*r + 6. Give l(-2).
6
Let x(j) = -1823*j - 27352. What is x(-15)?
-7
Let l(n) = -890*n + 22251. Calculate l(25).
1
Let y(c) = 1015*c + 73075. Determine y(-72).
-5
Let l(u) = u**3 - 36*u**2 + 2*u + 32. Calculate l(36).
104
Let i(c) = -c**3 - 11*c**2 - 197*c - 1592. Give i(-9).
19
Let d(v) = v**2 - 122*v + 3280. What is d(82)?
0
Let y(h) = 9*h**2 - 628*h - 781. Determine y(71).
0
Let w(q) = 86*q - 775. Give w(9).
-1
Let f(o) = -23*o - 36. Determine f(-5).
79
Let j(r) = 3*r**2 + 69*r - 449. Determine j(-28).
-29
Let k(b) = 5*b**2 + 148*b - 4413. Determine k(-48).
3
Let o(r) = -r**2 - 636*r + 5802. Determine o(9).
-3
Let x(o) = 25*o - 40. Give x(6).
110
Let g(z) = -27*z + 3057. What is g(113)?
6
